*y. What are the prime factors of y?
5
Suppose -3*c + 17 = 4*f, -3*c + 1 + 28 = f. Suppose c = 3*y - 2*y. List the prime factors of y.
11
Suppose 5*j + 4 = j. What are the prime factors of (j/3 - 0)*-81?
3
Suppose 6 - 28 = -t. List the prime factors of t.
2, 11
Let u(r) = -3 + r + 6 - 2 + 1. List the prime factors of u(4).
2, 3
Let t(g) = 1 - 1 - g - 2. List the prime factors of t(-6).
2
Let d(o) = -2*o + 0*o - 1 - o - 1. List the prime factors of d(-12).
2, 17
Let q(w) be the second derivative of w**5/20 - w**4/12 - w**3/3 + 3*w**2/2 - w. Let z be q(2). List the prime factors of z/2 + 2/4.
2
Suppose 3*v = -v - 36. Let x = v + 14. Suppose -x*h - 12 = -6*h. What are the prime factors of h?
2, 3
Let j(u) = 19*u - 2. Let q be j(-1). What are the prime factors of (-6)/q - (-654)/14?
47
Let m = 293 + -177. List the prime factors of m.
2, 29
Suppose -3*w - 48 = -5*j - 2, j + 5*w = -2. Let y = j + -14. What are the prime factors of y/9 + (-35)/(-3)?
11
Suppose 0 = -4*p - p + 5*t - 25, -4*p = 2*t + 38. Let q = -3 - p. List the prime factors of q.
5
Let v be ((-21)/6 + -2)*-2. Let r = v + -6. Suppose 2*d + 24 = r*d. List the prime factors of d.
2
Suppose -g = -0*w - 3*w - 29, 0 = 4*w - 20. Suppose 4*r - 116 = -4*a - g, 2*r = 5*a - 111. What are the prime factors of a?
3, 7
Let c(u) = u**2 - 2. What are the prime factors of c(-4)?
2, 7
Let s(m) = -25*m + 3. Let y be s(2). List the prime factors of 1/1 - (y + 5).
43
Let n be 32/3 - (-6)/(-9). Let f(i) = i**2 - 9*i - 8. Let j be f(n). Suppose 1 = j*k - 5*d - 18, -d + 13 = k. List the prime factors of k.
2, 3
Let s(d) be the third derivative of -d**6/120 - d**5/15 - d**4/12 - 2*d**3/3 + 2*d**2. What are the prime factors of s(-4)?
2
Let n(a) = 2*a + 4. Suppose 0 = 5*d + 17 + 3. Let l be n(d). Let z = l + 14. What are the prime factors of z?
2, 5
Let z be 9/(-2)*(-4)/(-3). Let o = 15 + z. Let x = o - 0. List the prime factors of x.
3
Suppose 7 - 3 = -4*i, -i - 1 = -5*w. Suppose w = -o - 0*o + 39. List the prime factors of o.
3, 13
Let x be 10/((-5)/7 - -1). Suppose 5*t = -2*f - 75, 5*f - 11 = -2*t - 146. Let s = x + f. List the prime factors of s.
2, 5
Let f = -10 + 20. Suppose f*b - 45 = 5*b. What are the prime factors of b?
3
Let m be (3/(-2))/((-9)/12). Let z(k) = k - 5*k**m + 3*k - k**3 + 0 - 3. List the prime factors of z(-6).
3
Suppose 3*h = 2*z + 39, 3*h - 5*z = 4*h + 4. What are the prime factors of h?
11
Let k be 1/(-4) - (-147)/28. Suppose 4*f = 2*f - 4*j + 28, 2*f + k*j = 32. List the prime factors of f.
2, 3
Let o(c) = -13*c - 4. Let w be o(-3). Let t = w + -11. List the prime factors of t.
2, 3
List the prime factors of 4 - -36 - (-1)/(-1).
3, 13
Suppose 1523 = 9*n + 425. List the prime factors of n.
2, 61
Suppose -4*p + 2*p = -10. Suppose 5*g = 0, -5*d + 0*g = -p*g - 185. List the prime factors of d.
37
Suppose 0 = -3*y + z + 26, -5*y - z - 4*z + 50 = 0. Suppose 13 = -s + 3*m, 0*m = 2*s + 3*m - 19. List the prime factors of 12/y*s*6.
2
Let u(f) = -4*f**2 + 2*f + 1. Let n be u(2). Let g = -6 - n. Suppose -j = -4*k + 7, j - 6*j + g*k + 25 = 0. What are the prime factors of j?
3
Suppose 0 = v - 4, -6*v = -5*x - 3*v - 2. Suppose -2*y = -h - 3, 0 = x*h + 3*h + y - 29. Suppose -o = -0*o - h*d + 5, 3 = -o + 4*d. List the prime factors of o.
5
Suppose -5*z = -2*w - w + 805, 2*w - 3*z = 537. What are the prime factors of w?
2, 3, 5
Suppose 8 = 4*s - 4. Suppose s*p = -p. Suppose -2*t + 10 + 4 = p. What are the prime factors of t?
7
Suppose -2*n - 30 = -4. Let g = n + 18. Suppose 1 - g = -c. What are the prime factors of c?
2
Let v = 3 - 0. Suppose 5*c - 26 - 6 = 4*w, -2 = -c + v*w. List the prime factors of c.
2
Suppose -29 = -5*n + 3*r, 3 = 2*n + r - 2. Suppose 4*h - 2*h = -3*u + 5, -2*u + h + 15 = 0. Suppose u + 11 = n*g. What are the prime factors of g?
2
What are the prime factors of -1 + (1 + 35)/1?
5, 7
List the prime factors of (57/(-6))/(0 + 2/(-44)).
11, 19
Let w(l) be the third derivative of 0*l - 1/120*l**6 - 1/60*l**5 - 1/6*l**3 - 1/8*l**4 + 0 + l**2. List the prime factors of w(-2).
3
Let z(h) = 176*h**3 + 2*h**2 - h - 1. List the prime factors of z(1).
2, 11
Let n = 40 + -24. List the prime factors of n.
2
Suppose -84 = -4*h - 0*h - x, -4*h = -2*x - 84. List the prime factors of (-1 - h)*(-1)/1.
2, 11
Let h(i) = 6*i - 1. Let l be h(1). Let k be l - (-3 + 12)/3. Suppose k*w - 4 = 2. List the prime factors of w.
3
Let r(c) = c**3 + 4*c**2 + 2*c. Let o be (-5 - -2)/(-3) + 1. Suppose 0*h = o*h + 6. What are the prime factors of r(h)?
3
Let i(l) = -l**3 + 7*l**2 - 1. Let q be i(7). Let w = 11 + q. What are the prime factors of w?
2, 5
List the prime factors of (-272)/(-28) + (-2)/(-7).
2, 5
Let g be 4/(-6) - 2/(-3). Suppose j = -g*j. Suppose 3*u - 3*b = 39, -5*u - 5*b + 25 = -j*u. What are the prime factors of u?
3
Let v be 15 - (-1 + (0 - 0)). Let o = v + -2. What are the prime factors of o?
2, 7
List the prime factors of (-3)/(0 - -6) + (-778)/(-4).
2, 97
Let u(i) = -6*i**2 - i + 2. Let w(o) = -o**3 + 3*o**2 + 6*o - 6. Let x be w(4). Let p be u(x). Let h = p - -40. List the prime factors of h.
2
Let b(k) = -2*k + 2*k + k + 4 - 3*k. List the prime factors of b(-4).
2, 3
Let k be -2 - -38 - (-1 - 1). Let p = -16 + k. What are the prime factors of p/8 - (-1)/4?
3
Suppose 3025 = -11*u + 22*u. List the prime factors of u.
5, 11
Let w = 2 + 6. Let z be (w + 0)*2/4. Let u = z - -4. List the prime factors of u.
2
Suppose o + 4 = 2*o + 5*v, -2*v = -4*o + 126. What are the prime factors of o?
29
Let n(p) = p - 9. Let c(t) = -2*t + 10. Let m(w) = -4*c(w) - 5*n(w). Suppose 5*i + 4*g - 21 = 0, 3*i - 2*g - 14 = -3*g. List the prime factors of m(i).
2, 5
Let q = 0 - -8. Suppose -4*j - 5*s = -4, -6*j + 2*j - 4*s + q = 0. Suppose 0 = -2*z - f + 7, -2*z - 3*f - 5 = -j. List the prime factors of z.
5
Let f(q) = q**2 + 6*q. Let c be f(-6). Suppose 4*o - 50 = -o - 5*x, 3*x = c. What are the prime factors of o?
2, 5
What are the prime factors of -1*((-28)/4 - 0)?
7
Suppose 2*h - 5*d = 39 + 4, 5*h + d - 40 = 0. Let f(z) = 2*z**2 + 14*z**3 - h + 4*z - 8*z**2 - 13*z**3. List the prime factors of f(6).
3, 5
Let s = -4 + 6. Let v = -5 - s. Let u = 15 + v. List the prime factors of u.
2
Let c(s) = s**2 + 2*s - 5. Let y be -5 - (-2)/2*-1. What are the prime factors of c(y)?
19
Suppose 2 = 4*r - 18, 25 = 3*m + 2*r. Suppose m*a - 15 - 30 = 0. Suppose 3*l - a = -3*p, 4*l + 15 = 2*p - 9. List the prime factors of p.
2, 3
List the prime factors of (0 + 251)*3/(-2 - -5).
251
Let q(z) = -8*z + 16. What are the prime factors of q(-3)?
2, 5
Let v(k) = 0*k + k - 2 + 9*k - k. What are the prime factors of v(2)?
2
Suppose 33 = 4*k - 363. What are the prime factors of k?
3, 11
Suppose -2*k = -4*k. What are the prime factors of (3 - (k + 1)) + 12?
2, 7
Let m(y) = 7*y - 19. Let a = 1 + 5. List the prime factors of m(a).
23
List the prime factors of (26/(-6) + -1)/((-26)/195).
2, 5
Let h(n) = -n**2 - 4*n - 3. Let t be h(-3). Let f(p) = -p**3 + p**2 + p + 11. Let s be f(t). Let u = 18 - s. List the prime factors of u.
7
What are the prime factors of (39 - 1)*27/18?
3, 19
Let z(p) = p**2 + p + 1. Let b(i) = -2*i**2 - 3*i - 3. Let t(u) = -2*b(u) - 2*z(u). What are the prime factors of t(-3)?
2, 5
Let f = 56 - 56. Suppose 5*j - 75 = -0*j. Suppose f = -5*a + 65 + j. List the prime factors of a.
2
Let f = 8 - 11. Let d(c) = -2*c**3 - 2*c**2 - 3*c - 6. List the prime factors of d(f).
3, 13
Let k(r) = r**2 - 4. Let o = -5 - -8. Let g be k(o). Suppose -3*h = -3*x - 24, g*x + 27 = h + 11. List the prime factors of h.
2, 3
Let v be 4/(-6)*(-84)/7. Suppose 4*z + v = 2*i, -4*i - 7 = 5*z + 16. Let t = 6 - i. List the prime factors of t.
2
Suppose -10*o + 7*o = -36. Suppose -3*r = -c + 24, 0 = -4*r + 8 + o. What are the prime factors of c?
3, 13
Let a = -10 - -16. Suppose a = -k + 16. What are the prime factors of k?
2, 5
Let v(h) = 14*h + 2. Let u be v(2). Let o = u + 0. What are the prime factors of o?
2, 3, 5
Suppose 7*m - m = 90. What are the prime factors of m?
3, 5
Let v = 83 + 35. What are the prime factors of v?
2, 59
Let x(f) = -3*f**2 - 3*f**3 - f**3 + 6*f**3 - 3*f**3 + 2*f - 2. What are the prime factors of x(-4)?
2, 3
Suppose 0 = 4*g - 20*g + 6096. List the prime factors of g.
3, 127
Suppose 15 = 4*i + 5*p, 5*p - 15 = 4*i - 6*i. Suppo